5 a factor of 63540150?
False
Is 639631428 a multiple of 10222?
True
Is 31766523 a multiple of 308?
False
Does 6180 divide 2279106844?
False
Does 1424 divide 1212806104?
False
Does 254 divide 119150582?
False
Does 553 divide 159398379?
True
Does 432 divide 60298992?
True
Is 92 a factor of 1518946863?
False
Does 12 divide 53844348?
True
Is 17711278 a multiple of 18?
False
Is 174 a factor of 224251548?
True
Is 202885087 a multiple of 306?
False
Is 12652300 a multiple of 100?
True
Is 706831642 a multiple of 3315?
False
Is 230086234 a multiple of 22?
False
Is 4253444274 a multiple of 19?
False
Is 2807668322 a multiple of 1164?
False
Does 89 divide 973517422?
True
Is 229219005 a multiple of 3992?
False
Does 32 divide 2001604712?
False
Is 157 a factor of 1078474345?
False
Does 17 divide 97498417?
True
Does 71 divide 186588886?
False
Is 14 a factor of 2905324885?
False
Is 9 a factor of 40428810?
True
Is 50 a factor of 2616900?
True
Is 171 a factor of 55884852?
True
Is 82 a factor of 4758093542?
True
Is 31 a factor of 3561781425?
True
Is 187953973 a multiple of 2?
False
Is 49 a factor of 379848099?
False
Is 2087 a factor of 53953124?
True
Does 322 divide 42260568?
True
Is 100236702 a multiple of 514?
False
Is 364690676 a multiple of 2837?
True
Is 293706050 a multiple of 4169?
True
Does 81 divide 108703782?
True
Does 608 divide 347490240?
True
Is 314976446 a multiple of 87?
False
Does 89 divide 4382093?
True
Is 471402160 a multiple of 76?
True
Is 100 a factor of 4135900?
True
Does 83 divide 75167456?
True
Is 4104 a factor of 1098452016?
True
Is 90 a factor of 2995065093?
False
Is 30692529 a multiple of 197?
False
Does 424 divide 1707178336?
True
Is 1549744 a multiple of 548?
True
Is 15 a factor of 20382330?
True
Is 142 a factor of 741763975?
False
Is 1797 a factor of 148302816?
True
Is 481 a factor of 15135263?
False
Is 458 a factor of 26973910?
True
Is 1647818150 a multiple of 55?
True
Is 52 a factor of 114614968?
True
Does 35 divide 342948062?
False
Is 1596543385 a multiple of 151?
True
Is 25958424 a multiple of 282?
False
Does 1712 divide 597731522?
False
Is 1488 a factor of 50553883?
False
Does 77 divide 11694730?
False
Does 3 divide 132557856?
True
Is 1553 a factor of 128752636?
False
Is 1739348 a multiple of 124?
True
Is 6 a factor of 717139596?
True
Is 1971 a factor of 41870654?
False
Is 4 a factor of 186701215?
False
Is 5 a factor of 708039755?
True
Is 48052620 a multiple of 70?
True
Is 965 a factor of 70039700?
True
Does 88 divide 784777590?
False
Is 26433288 a multiple of 1634?
False
Is 10 a factor of 1452597507?
False
Does 3113 divide 1366516953?
False
Is 43 a factor of 20829543?
False
Does 153 divide 65505714?
False
Does 51 divide 175950?
True
Is 584 a factor of 37392936?
True
Does 68 divide 10921046?
False
Does 1115 divide 17363895?
True
Does 103 divide 143527713?
False
Is 10 a factor of 149825110?
True
Does 11 divide 2813477671?
False
Is 49786316 a multiple of 2882?
False
Does 8 divide 23936000?
True
Does 13 divide 222706280?
False
Is 539631734 a multiple of 731?
False
Is 13 a factor of 788932994?
False
Is 95254440 a multiple of 60?
True
Is 1459152112 a multiple of 1299?
False
Is 591203075 a multiple of 4069?
False
Does 5 divide 202226?
False
Is 145385876 a multiple of 148?
True
Is 797853195 a multiple of 7?
False
Does 1178 divide 280454943?
False
Is 42752060 a multiple of 121?
False
Is 62580890 a multiple of 4?
False
Does 1896 divide 130422048?
True
Is 245535890 a multiple of 100?
False
Does 139 divide 247968742?
False
Is 30 a factor of 658764390?
True
Is 187787376 a multiple of 7?
True
Is 665213328 a multiple of 1614?
True
Is 1090 a factor of 37904750?
True
Is 51 a factor of 596823267?
True
Is 1035361286 a multiple of 41?
False
Is 710 a factor of 59158280?
False
Is 1830 a factor of 951986130?
True
Is 22465627 a multiple of 1415?
False
Does 151 divide 2192414695?
False
Is 928 a factor of 64737942?
False
Is 238981911 a multiple of 434?
False
Is 478 a factor of 289668657?
False
Is 14 a factor of 35033983?
False
Does 99 divide 2450739?
False
Is 2 a factor of 68878534?
True
Is 28537344 a multiple of 176?
True
Is 45311460 a multiple of 2635?
True
Is 399 a factor of 192679494?
True
Does 2 divide 6683441?
False
Is 138 a factor of 3324578?
False
Is 1023 a factor of 125387300?
False
Is 40785888 a multiple of 16?
True
Does 16 divide 82115779?
False
Is 765 a factor of 2827861?
False
Is 311 a factor of 13470624?
False
Is 36969693 a multiple of 1064?
False
Does 51 divide 4246928151?
True
Is 3347000 a multiple of 24?
False
Does 1552 divide 81226346?
False
Is 319131264 a multiple of 48?
True
Is 132 a factor of 1571239931?
False
Does 456 divide 167127670?
False
Is 50 a factor of 17106416?
False
Does 127 divide 211503098?
False
Does 29 divide 69050674?
False
Is 1067 a factor of 277420?
True
Is 70 a factor of 42023050?
False
Is 442286652 a multiple of 36?
False
Is 33 a factor of 5815495?
False
Is 601 a factor of 668913?
True
Is 2386096843 a multiple of 12647?
True
Does 58 divide 42571902?
False
Is 227 a factor of 290443024?
False
Is 6891778 a multiple of 5?
False
Is 618 a factor of 89586516?
True
Is 12399802 a multiple of 107?
True
Is 14360 a factor of 63356320?
True
Does 4 divide 5894990?
False
Does 16 divide 287480505?
False
Is 746511138 a multiple of 46?
True
Does 124 divide 2153406320?
True
Is 929513471 a multiple of 7731?
False
Does 21 divide 24930490?
False
Does 746 divide 996851557?
False
Does 13 divide 1603910325?
False
Is 27358049 a multiple of 263?
True
Is 7281548 a multiple of 4?
True
Is 99842667 a multiple of 95?
False
Does 113 divide 1055012183?
True
Is 85 a factor of 223123716?
False
Is 5892135132 a multiple of 16?
False
Is 81 a factor of 77664709?
False
Is 32107182 a multiple of 86?
False
Is 244 a factor of 126863700?
False
Does 410 divide 157813563?
False
Is 1512 a factor of 99270220?
False
Is 36063235 a multiple of 57?
False
Is 2650 a factor of 1367286010?
False
Is 56895627 a multiple of 399?
False
Is 35115852 a multiple of 677?
False
Does 42 divide 1994706?
True
Does 226 divide 1886864?
False
Is 189383520 a multiple of 60?
True
Is 21285783 a multiple of 12?
False
Is 11200697 a multiple of 1259?
False
Does 301 divide 54263377?
True
Is 23 a factor of 492824381?
True
Is 10 a factor of 15872539?
False
Is 5 a factor of 3919257?
False
Does 1224 divide 697076568?
True
Is 908 a factor of 62276996?
True
Does 2241 divide 1166704938?
True
Does 20 divide 593001940?
True
Is 92 a factor of 176990520?
True
Is 251 a factor of 39325113?
False
Is 104 a factor of 1493440?
True
Does 884 divide 859217944?
True
Does 22 divide 1505394?
True
Does 16 divide 228855585?
False
Is 41860995 a multiple of 11?
True
Is 2036 a factor of 5737448?
True
Does 8 divide 15620346?
False
Does 15 divide 70457565?
True
Is 1154 a factor of 34186662?
False
Does 42 divide 27338176?
False
Is 837 a factor of 27996813?
True
Does 1078 divide 240785711?
False
Is 447 a factor of 75779463?
True
Does 784 divide 27233808?
True
Is 275557274 a multiple of 206?
False
Does 9 divide 62853445?
False
Does 7 divide 77786744?
True
Is 222 a factor of 25589940?
True
Is 18 a factor of 961914068?
False
Does 127 divide 1909181094?
True
Is 51 a factor of 78849774?
True
Is 2366430 a multiple of 222?
False
Does 460 divide 2544149?
False
Is 21047925 a multiple of 75?
True
Does 332 divide 51751496?
True
Does 40 divide 21472920?
True
Is 14391500 a multiple of 25?
True
Is 108 a factor of 4422490?
False
Is 225834440 a multiple of 130?
True
Is 2562833 a multiple of 12?
False
Does 3 divide 4603988?
False
Is 16712880 a multiple of 60?
True
Does 321 divide 11201295?
True
Is 13 a factor of 100180145?
True
Does 720 divide 50989680?
True
Is 1847 a factor of 71815054?
True
Is 269366700 a multiple of 30?
True
Is 12815504 a multiple of 4?
True
Does 487 divide 150954416?
True
Is 20 a factor of 19362700?
True
Is 59 a factor of 375749618?
False
Is 67751188 a multiple of 11?
False
Does 8 divide 92357880?
True
Is 12 a factor of 2059781332?
False
Does 13 divide 1468604683?
True
Does 18 divide 2126028924?
True
Is 745 a factor of 26415465?
True
Does 131 divide 202017888?
False
Does 7 divide 155777210?
False
Is 1271 a factor of 78869363?
True
Is 44 a factor of 23471233?
False
Is 71183309 a multiple of 16?
False
Does 28 divide 7